{"id":6346,"date":"2024-07-26T08:28:20","date_gmt":"2024-07-26T07:28:20","guid":{"rendered":"https:\/\/www.haut-vallespir.fr\/?page_id=6346"},"modified":"2024-07-29T07:37:59","modified_gmt":"2024-07-29T06:37:59","slug":"plu-serralongue-3","status":"publish","type":"page","link":"https:\/\/www.haut-vallespir.fr\/?page_id=6346","title":{"rendered":"PLU Serralongue"},"content":{"rendered":"<p>&nbsp;<\/p>\n<h4><strong>Concertation pr\u00e9alable du 29 juillet 2024 au 30 septembre 2024 sur le projet de mise en compatibilit\u00e9 du PLU de SERRALONGUE avec une d\u00e9claration de projet portant sur une Unit\u00e9 Touristique Nouvelle (UTN) de Falgos.<\/strong><\/h4>\n<p>&nbsp;<\/p>\n<p><a\n\thref=\"https:\/\/www.haut-vallespir.fr?download=6353&tmstv=1721978712\"\n\t\tid=\"ait-sc-button-1\"\n\tclass=\"ait-sc-button alignleft  buticon-left    simple\"\n\tstyle=\"width:300px;\"\n>\n\t<span class=\"container\">\n\t\t<span class=\"wrap\">\n\n\t\t\t\t\t\t\t\t\t\t\t\t<span class=\"icon\" style=\"text-align:center;\">\n\t\t\t\t\t\t<i class=\"fa fa-download\" ><\/i>\n\t\t\t\t\t<\/span>\n\t\t\t\t\t\t\t\n\t\t\t\t\t\t<span class=\"text\" style=\"text-align:center;\">\n\t\t\t\t\t\t\t\t<span class=\"title\" style=\"\">\n\t\t\t\t\tT\u00e9l\u00e9charger la d\u00e9claration de projet\t\t\t\t<\/span>\n\t\t\t\t\t\t\t\t\t\t\t<\/span>\n\t\t\t\n\t\t\t\t\t\t\t\t\t\t\t\t<\/span>\n\t<\/span>\n<\/a>\n\u00a0\u00a0 <a\n\thref=\"https:\/\/www.haut-vallespir.fr?download=6356&tmstv=1721978712\"\n\t\tid=\"ait-sc-button-2\"\n\tclass=\"ait-sc-button alignleft  buticon-left    simple\"\n\tstyle=\"width:300px;\"\n>\n\t<span class=\"container\">\n\t\t<span class=\"wrap\">\n\n\t\t\t\t\t\t\t\t\t\t\t\t<span class=\"icon\" style=\"text-align:center;\">\n\t\t\t\t\t\t<i class=\"fa fa-download\" ><\/i>\n\t\t\t\t\t<\/span>\n\t\t\t\t\t\t\t\n\t\t\t\t\t\t<span class=\"text\" style=\"text-align:center;\">\n\t\t\t\t\t\t\t\t<span class=\"title\" style=\"\">\n\t\t\t\t\tT\u00e9l\u00e9charger l&#039;\u00e9valuation environnementale\t\t\t\t<\/span>\n\t\t\t\t\t\t\t\t\t\t\t<\/span>\n\t\t\t\n\t\t\t\t\t\t\t\t\t\t\t\t<\/span>\n\t<\/span>\n<\/a>\n<\/p>\n<p>&nbsp;<\/p>\n<p>&nbsp;<\/p>\n<p>Par arr\u00eat\u00e9 en date du 17 octobre 2023 et par d\u00e9lib\u00e9ration en date du 15 novembre 2023 la Communaut\u00e9 de Communes du Haut Vallespir a engag\u00e9 une proc\u00e9dure de mise en compatibilit\u00e9 du PLU de la commune de Serralongue et a d\u00e9fini les modalit\u00e9s de concertation avec le public.<\/p>\n<p>&nbsp;<\/p>\n<p><strong>Objet de la concertation\u00a0:<\/strong><\/p>\n<p>Le projet faisant l\u2019objet de la d\u00e9claration de projet consiste dans le renforcement du parc h\u00f4telier de Falgos situ\u00e9 sur la commune de Serralongue.<\/p>\n<p>Ce projet consiste en la cr\u00e9ation de\u00a0:<\/p>\n<ul>\n<li>24 nouvelles chambres\u00a0;<\/li>\n<li>Salles de s\u00e9minaires, extension de l\u2019espace de remise en forme et bien-\u00eatre et divers locaux techniques\u00a0;<\/li>\n<li>100 \u00e9colodges\u00a0;<\/li>\n<li>Confortement des logement saisonniers (12 mobil-home)\u00a0;<\/li>\n<li>R\u00e9am\u00e9nagement de 7 r\u00e9sidences en 6 r\u00e9sidences avec duplex.<\/li>\n<\/ul>\n<p>La capacit\u00e9 d\u2019accueil du domaine de Falgos passera de 72 lits touristiques et 16 lits saisonniers \u00e0 526 lits touristiques et 28 lits saisonniers.<\/p>\n<p>&nbsp;<\/p>\n<h5><strong><u>La concertation se d\u00e9roulera du 29 juillet 2024 au 30 septembre 2024 inclus.<\/u><\/strong><\/h5>\n<p>&nbsp;<\/p>\n<p><strong><u>Pendant toute sa dur\u00e9e\u00a0:<\/u><\/strong><\/p>\n<ul>\n<li><strong>Un dossier de concertation exposant les \u00e9l\u00e9ments du projet sera mis \u00e0 disposition du public\u00a0:<\/strong><\/li>\n<li><strong>En version papier<\/strong>, au si\u00e8ge de la Communaut\u00e9 de Communes du Haut Vallespir 8 boulevard du Riuferrer 66\u00a0150 Arles sur Tech et \u00e0 la Mairie de Serralongue 2 rue Pierre Talrich 66\u00a0230 Serralongue, o\u00f9 ce dossier sera accessible aux horaires d\u2019ouvertures respectives de ces deux structures.<\/li>\n<li><strong>En version num\u00e9rique,<\/strong> sur la page web d\u00e9di\u00e9e au projet sur le site internet de la Communaut\u00e9 de Communes du Haut Vallespir (<a href=\"https:\/\/www.haut-vallespir.fr\/\">https:\/\/www.haut-vallespir.fr\/<\/a> ) et via le site internet de la Commune de Serralongue (<a href=\"http:\/\/www.serralongue.com\/\">http:\/\/www.serralongue.com\/<\/a> ).<\/li>\n<\/ul>\n<p>Ce dossier pourra \u00eatre enrichi par la collectivit\u00e9 tout au cours de la concertation pr\u00e9alable.<\/p>\n<p><strong>Une r\u00e9union publique<\/strong> d\u2019informations sera organis\u00e9e le 18 septembre 2024 \u00e0 18h00 \u00e0 Serralongue.<\/p>\n<p>&nbsp;<\/p>\n<ul>\n<li><strong>Des registres seront mis \u00e0 disposition du public afin qu\u2019il puisse faire part de ses observations et suggestions \u00e9ventuelles\u00a0:<\/strong><\/li>\n<li>Des registres papier, au si\u00e8ge de la Communaut\u00e9 de Communes du Haut Vallespir (8 boulevard du Riuferrer 66150 Arles sur Tech) ainsi qu\u2019\u00e0 la maire de Serralongue (2 rue Pierre Talrich 66\u00a0230 Serralongue), o\u00f9 ils seront accessibles aux jours et heures d\u2019ouvertures des bureaux.<\/li>\n<li>Le public pourra \u00e9galement adresser ses observation et suggestions \u00e9ventuelles\u00a0:<\/li>\n<li>Par voie postale \u00e0 l\u2019adresse\u00a0: Monsieur le Pr\u00e9sident, Communaut\u00e9 de Communes du Haut Vallespir, 8 boulevard du Riuferrer, 66150 Arles sur Tech\u00a0;<\/li>\n<li>Par voie \u00e9lectronique \u00e0 l\u2019adresse mail\u00a0: <a href=\"mailto:urbanisme@haut-vallespir.fr\">urbanisme@haut-vallespir.fr<\/a><\/li>\n<\/ul>\n<p>Les observations formul\u00e9es par voie postale ou \u00e9lectronique seront annex\u00e9es au fur et \u00e0 mesure de leur r\u00e9ception dans le registre papier au si\u00e8ge de la Communaut\u00e9 de Communes du Haut Vallespir mis \u00e0 disposition du public.<\/p>\n<p>A son issue, la concertation pr\u00e9alable fera l\u2019objet d\u2019un bilan dresser par l\u2019organe d\u00e9lib\u00e9rant de la Communaut\u00e9 de Communes du Haut Vallespir. Ce bilan sera joint au dossier d\u2019enqu\u00eate publique.<\/p>\n<p>Les modalit\u00e9s de cette concertation pourront \u00eatre actualis\u00e9es sur la page web d\u00e9di\u00e9e au projet sur les sites internet de la commune de Serralongue et la Communaut\u00e9 de Communes du Haut Vallespir.<\/p>\n<p>&nbsp;<\/p>\n","protected":false},"excerpt":{"rendered":"<p>&nbsp; Concertation pr\u00e9alable du 29 juillet 2024 au 30 septembre 2024 sur le projet de mise en compatibilit\u00e9 du PLU de SERRALONGUE avec une d\u00e9claration de projet portant sur une Unit\u00e9 Touristique Nouvelle (UTN) de Falgos. &nbsp; \u00a0\u00a0 &nbsp; &nbsp; Par arr\u00eat\u00e9 en date du 17 octobre 2023 et par d\u00e9lib\u00e9ration en date du 15 [&hellip;]<\/p>\n","protected":false},"author":4,"featured_media":0,"parent":0,"menu_order":0,"comment_status":"closed","ping_status":"closed","template":"","meta":{"footnotes":""},"_links":{"self":[{"href":"https:\/\/www.haut-vallespir.fr\/index.php?rest_route=\/wp\/v2\/pages\/6346"}],"collection":[{"href":"https:\/\/www.haut-vallespir.fr\/index.php?rest_route=\/wp\/v2\/pages"}],"about":[{"href":"https:\/\/www.haut-vallespir.fr\/index.php?rest_route=\/wp\/v2\/types\/page"}],"author":[{"embeddable":true,"href":"https:\/\/www.haut-vallespir.fr\/index.php?rest_route=\/wp\/v2\/users\/4"}],"replies":[{"embeddable":true,"href":"https:\/\/www.haut-vallespir.fr\/index.php?rest_route=%2Fwp%2Fv2%2Fcomments&post=6346"}],"version-history":[{"count":8,"href":"https:\/\/www.haut-vallespir.fr\/index.php?rest_route=\/wp\/v2\/pages\/6346\/revisions"}],"predecessor-version":[{"id":6360,"href":"https:\/\/www.haut-vallespir.fr\/index.php?rest_route=\/wp\/v2\/pages\/6346\/revisions\/6360"}],"wp:attachment":[{"href":"https:\/\/www.haut-vallespir.fr\/index.php?rest_route=%2Fwp%2Fv2%2Fmedia&parent=6346"}],"curies":[{"name":"wp","href":"https:\/\/api.w.org\/{rel}","templated":true}]}}