{"id":2827,"date":"2021-11-18T17:12:43","date_gmt":"2021-11-18T16:12:43","guid":{"rendered":"https:\/\/www.haut-vallespir.fr\/?page_id=2827"},"modified":"2022-03-21T11:20:11","modified_gmt":"2022-03-21T10:20:11","slug":"plu-amelie-les-bains-palalda","status":"publish","type":"page","link":"https:\/\/www.haut-vallespir.fr\/?page_id=2827","title":{"rendered":"PLU Saint Laurent de Cerdans"},"content":{"rendered":"<p class=\"v1MsoNormal\" align=\"center\"><span class=\"v1markedcontent\">\u00a0<\/span><\/p>\n<p align=\"center\"><img loading=\"lazy\" decoding=\"async\" class=\"alignnone size-medium wp-image-243\" src=\"https:\/\/www.haut-vallespir.fr\/wp-content\/uploads\/2017\/12\/CCHV-V2-cmjn-horizontal-300x104.png\" alt=\"Communaut\u00e9 de Communes du Haut Vallespir\" width=\"300\" height=\"104\" srcset=\"https:\/\/www.haut-vallespir.fr\/wp-content\/uploads\/2017\/12\/CCHV-V2-cmjn-horizontal-300x104.png 300w, https:\/\/www.haut-vallespir.fr\/wp-content\/uploads\/2017\/12\/CCHV-V2-cmjn-horizontal.png 567w\" sizes=\"(max-width: 300px) 100vw, 300px\" \/><\/p>\n<h3 style=\"text-align: center;\"><strong>Avis de mise \u00e0 disposition du public <\/strong><strong>de la modification simplifi\u00e9e n\u00b02 <\/strong><\/h3>\n<h3 style=\"text-align: center;\"><strong>du Plan Local d\u2019Urbanisme <\/strong><strong>de la commune de Saint Laurent de Cerdans<\/strong><\/h3>\n<h3><\/h3>\n<p>&nbsp;<\/p>\n<p>Par d\u00e9lib\u00e9ration\u00a0 du Conseil Communautaire de la Communaut\u00e9 de Communes du Haut Vallespir en date du 03 f\u00e9vrier 2022, la proc\u00e9dure de modification simplifi\u00e9e n\u00b02 du PLU de la commune de Saint Laurent de Cerdans\u00a0 \u00e9t\u00e9 engag\u00e9e.<\/p>\n<p>Par d\u00e9lib\u00e9ration en date du 09 mars 2022, le Conseil de Communaut\u00e9 a d\u00e9fini les modalit\u00e9s de mise \u00e0 disposition du public.<\/p>\n<p>Cette mise \u00e0 disposition du dossier aura lieu du <strong>lundi 21 mars 2022 au mardi 22 avril<\/strong> <strong>2022<\/strong> en mairie de Saint Laurent de Cerdans et au si\u00e8ge de la Communaut\u00e9 de Communes du Haut Vallespir \u00e0 Arles sur Tech, aux jours et heures habituels d\u2019ouverture.<\/p>\n<p>Le public pourra faire ses observations sur un registre disponible en mairie et au si\u00e8ge de la Communaut\u00e9 de Communes du Haut Vallespir.<\/p>\n<p>&nbsp;<\/p>\n<p>Le projet pourra \u00e9galement \u00eatre consult\u00e9 sur le site internet de la Commune \u00e0 l\u2019adresse <a href=\"http:\/\/www.la-mairie.com\/saint-laurent-de-cerdans\">www.la-mairie.com\/saint-laurent-de-cerdans<\/a> et de la Communaut\u00e9 de Communes du Haut Vallespir\u00a0: <a href=\"http:\/\/www.haut-vallespir.fr\">www.haut-vallespir.fr<\/a>.<\/p>\n<p>La d\u00e9lib\u00e9ration correspondante est affich\u00e9e et peut \u00eatre consult\u00e9e \u00e0 la mairie de Saint Laurent de Cerdans et aux points d\u2019affichage l\u00e9gaux ainsi qu\u2019au si\u00e8ge de la Communaut\u00e9 de Communes du Haut Vallespir pendant un mois.<\/p>\n<p>&nbsp;<\/p>\n<p>&nbsp;<\/p>\n<p><strong>Le Pr\u00e9sident<\/strong><\/p>\n<p>Claude FERRER<\/p>\n<p>&nbsp;<\/p>\n<p>Le dossier est t\u00e9l\u00e9chargeable via le lien ci-dessous\u00a0:<\/p>\n\n<a  data-e-Disable-Page-Transition=\"true\" class=\"download-link download-button aligncenter\" title=\"\" href=\"https:\/\/www.haut-vallespir.fr?download=3352&tmstv=1775826289\" rel=\"nofollow\" id=\"download-link-3352\" >\n\t<p>\n\t\tT\u00e9l\u00e9charger &ldquo;INSERTION_SUR_SITE___PLU_ST_LAURENT_DE_CERDANS.zip&rdquo;\t<\/p>\n\t<small>INSERTION_SUR_SITE___PLU_ST_LAURENT_DE_CERDANS.zip\t\t&ndash; T\u00e9l\u00e9charg\u00e9 860 fois\t\t&ndash; 16,21 Mo<\/small>\n<\/a>\n\n","protected":false},"excerpt":{"rendered":"<p>\u00a0 Avis de mise \u00e0 disposition du public de la modification simplifi\u00e9e n\u00b02 du Plan Local d\u2019Urbanisme de la commune de Saint Laurent de Cerdans &nbsp; Par d\u00e9lib\u00e9ration\u00a0 du Conseil Communautaire de la Communaut\u00e9 de Communes du Haut Vallespir en date du 03 f\u00e9vrier 2022, la proc\u00e9dure de modification simplifi\u00e9e n\u00b02 du PLU de la [&hellip;]<\/p>\n","protected":false},"author":9,"featured_media":0,"parent":0,"menu_order":8,"comment_status":"closed","ping_status":"closed","template":"","meta":{"footnotes":""},"_links":{"self":[{"href":"https:\/\/www.haut-vallespir.fr\/index.php?rest_route=\/wp\/v2\/pages\/2827"}],"collection":[{"href":"https:\/\/www.haut-vallespir.fr\/index.php?rest_route=\/wp\/v2\/pages"}],"about":[{"href":"https:\/\/www.haut-vallespir.fr\/index.php?rest_route=\/wp\/v2\/types\/page"}],"author":[{"embeddable":true,"href":"https:\/\/www.haut-vallespir.fr\/index.php?rest_route=\/wp\/v2\/users\/9"}],"replies":[{"embeddable":true,"href":"https:\/\/www.haut-vallespir.fr\/index.php?rest_route=%2Fwp%2Fv2%2Fcomments&post=2827"}],"version-history":[{"count":13,"href":"https:\/\/www.haut-vallespir.fr\/index.php?rest_route=\/wp\/v2\/pages\/2827\/revisions"}],"predecessor-version":[{"id":3356,"href":"https:\/\/www.haut-vallespir.fr\/index.php?rest_route=\/wp\/v2\/pages\/2827\/revisions\/3356"}],"wp:attachment":[{"href":"https:\/\/www.haut-vallespir.fr\/index.php?rest_route=%2Fwp%2Fv2%2Fmedia&parent=2827"}],"curies":[{"name":"wp","href":"https:\/\/api.w.org\/{rel}","templated":true}]}}