{"id":262,"date":"2017-12-14T09:50:56","date_gmt":"2017-12-14T08:50:56","guid":{"rendered":"https:\/\/www.haut-vallespir.fr\/?page_id=262"},"modified":"2026-04-24T08:40:06","modified_gmt":"2026-04-24T07:40:06","slug":"les-commissions-de-travail","status":"publish","type":"page","link":"https:\/\/www.haut-vallespir.fr\/?page_id=262","title":{"rendered":"Les commissions de travail"},"content":{"rendered":"<h1>Outre les commissions obligatoires, 10 commissions de travail ont \u00e9t\u00e9 cr\u00e9\u00e9es. Les Pr\u00e9sidents de commission ont \u00e9t\u00e9 \u00e9lus selon leur domaines de comp\u00e9tence et de sensibilit\u00e9.<\/h1>\n<p>&nbsp;<\/p>\n<ul>\n<li><span style=\"color: #000080;\"><strong><u>D\u00e9veloppement \u00c9conomique &#8211; Artisanat Tourisme<u><\/u><\/u><\/strong><\/span><br \/>\n<span style=\"color: #000080;\">David PLANAS<\/span><\/li>\n<\/ul>\n<hr \/>\n<ul>\n<li><span style=\"color: #0000ff;\"><strong><u>Finances<\/u><\/strong><\/span><br \/>\n<span style=\"color: #0000ff;\">Eric DONZE<\/span><\/li>\n<\/ul>\n<hr \/>\n<ul>\n<li><strong><span style=\"color: #000080;\"><u>Environnement &#8211; D\u00e9veloppement durable<u> <\/u><\/u><\/span><\/strong><br \/>\n<span style=\"color: #000080;\">Gis\u00e8le JUANOLE<\/span><\/li>\n<\/ul>\n<hr \/>\n<ul>\n<li><span style=\"color: #0000ff;\"><strong><u>Bois \u00e9nergie &#8211; For\u00eat &#8211; R\u00e9seau de chaleur &#8211; Relation avec le Syndicat Mixte Canig\u00f3 Grand Site<u> <\/u><\/u><\/strong><\/span><br \/>\n<span style=\"color: #0000ff;\">Daniel BAUX<\/span><\/li>\n<\/ul>\n<hr \/>\n<ul>\n<li><span style=\"color: #0000ff;\"><strong><span style=\"color: #000080;\"><u><u>Ressources humaines &#8211; Collecte et traitement des d\u00e9chets\u00a0<\/u><\/u><\/span><\/strong><\/span><br \/>\n<span style=\"color: #0000ff;\"><span style=\"color: #000080;\">Guillaume CERVANTES<\/span><\/span><\/li>\n<\/ul>\n<hr \/>\n<ul>\n<li><span style=\"color: #0000ff;\"><strong><u>Action sociale<u> <\/u><\/u><\/strong><\/span><br \/>\n<span style=\"color: #0000ff;\">Alexandre REYNAL<\/span><\/li>\n<\/ul>\n<hr \/>\n<ul>\n<li><span style=\"color: #0000ff;\"><strong><span style=\"color: #000080;\"><u>Eau potable et assainissement<u><\/u><\/u><\/span><\/strong><\/span><br \/>\n<span style=\"color: #0000ff;\"><span style=\"color: #000080;\">Philippe JUANOLA<\/span><\/span><\/li>\n<\/ul>\n<hr \/>\n<ul>\n<li><span style=\"color: #0000ff;\"><strong><u>Agriculture &#8211; \u00c9levage<u><\/u><\/u><\/strong><\/span><br \/>\n<span style=\"color: #0000ff;\">Antoine CHRYSOSTOME<\/span><\/li>\n<\/ul>\n<hr \/>\n<ul>\n<li><span style=\"color: #0000ff;\"><strong><span style=\"color: #000080;\"><u><u>Sant\u00e9\u00a0<\/u><\/u><\/span><\/strong><\/span><br \/>\n<span style=\"color: #0000ff;\"><span style=\"color: #000080;\">Marie-Jos\u00e9 MACABIES<\/span><\/span><\/li>\n<\/ul>\n<hr \/>\n<ul>\n<li><span style=\"color: #0000ff;\"><strong><u><u>Activit\u00e9s de Pleine Nature &#8211; Centre Sud Canigo Sports et Pleine Nature &#8211; Reconversion du site des Gorges de la Fou\u00a0<\/u><\/u><\/strong><\/span><br \/>\n<span style=\"color: #0000ff;\">J\u00e9r\u00f4me MOLAS<\/span><\/li>\n<\/ul>\n<hr \/>\n","protected":false},"excerpt":{"rendered":"<p>Outre les commissions obligatoires, 10 commissions de travail ont \u00e9t\u00e9 cr\u00e9\u00e9es. Les Pr\u00e9sidents de commission ont \u00e9t\u00e9 \u00e9lus selon leur domaines de comp\u00e9tence et de sensibilit\u00e9. &nbsp; D\u00e9veloppement \u00c9conomique &#8211; Artisanat Tourisme David PLANAS Finances Eric DONZE Environnement &#8211; D\u00e9veloppement durable Gis\u00e8le JUANOLE Bois \u00e9nergie &#8211; For\u00eat &#8211; R\u00e9seau de chaleur &#8211; Relation avec le [&hellip;]<\/p>\n","protected":false},"author":2,"featured_media":0,"parent":234,"menu_order":24,"comment_status":"closed","ping_status":"closed","template":"","meta":{"footnotes":""},"_links":{"self":[{"href":"https:\/\/www.haut-vallespir.fr\/index.php?rest_route=\/wp\/v2\/pages\/262"}],"collection":[{"href":"https:\/\/www.haut-vallespir.fr\/index.php?rest_route=\/wp\/v2\/pages"}],"about":[{"href":"https:\/\/www.haut-vallespir.fr\/index.php?rest_route=\/wp\/v2\/types\/page"}],"author":[{"embeddable":true,"href":"https:\/\/www.haut-vallespir.fr\/index.php?rest_route=\/wp\/v2\/users\/2"}],"replies":[{"embeddable":true,"href":"https:\/\/www.haut-vallespir.fr\/index.php?rest_route=%2Fwp%2Fv2%2Fcomments&post=262"}],"version-history":[{"count":4,"href":"https:\/\/www.haut-vallespir.fr\/index.php?rest_route=\/wp\/v2\/pages\/262\/revisions"}],"predecessor-version":[{"id":8062,"href":"https:\/\/www.haut-vallespir.fr\/index.php?rest_route=\/wp\/v2\/pages\/262\/revisions\/8062"}],"up":[{"embeddable":true,"href":"https:\/\/www.haut-vallespir.fr\/index.php?rest_route=\/wp\/v2\/pages\/234"}],"wp:attachment":[{"href":"https:\/\/www.haut-vallespir.fr\/index.php?rest_route=%2Fwp%2Fv2%2Fmedia&parent=262"}],"curies":[{"name":"wp","href":"https:\/\/api.w.org\/{rel}","templated":true}]}}