{"id":2426,"date":"2021-01-15T10:52:15","date_gmt":"2021-01-15T09:52:15","guid":{"rendered":"https:\/\/www.haut-vallespir.fr\/?page_id=2426"},"modified":"2026-01-12T14:02:07","modified_gmt":"2026-01-12T13:02:07","slug":"les-bons-gestes-de-tri","status":"publish","type":"page","link":"https:\/\/www.haut-vallespir.fr\/?page_id=2426","title":{"rendered":"Les bons gestes de tri"},"content":{"rendered":"<h2><img loading=\"lazy\" decoding=\"async\" class=\"alignright wp-image-3216\" src=\"https:\/\/www.haut-vallespir.fr\/wp-content\/uploads\/2022\/02\/OM-en-sac-scaled.jpg\" alt=\"\" width=\"445\" height=\"634\" srcset=\"https:\/\/www.haut-vallespir.fr\/wp-content\/uploads\/2022\/02\/OM-en-sac-scaled.jpg 1797w, https:\/\/www.haut-vallespir.fr\/wp-content\/uploads\/2022\/02\/OM-en-sac-211x300.jpg 211w, https:\/\/www.haut-vallespir.fr\/wp-content\/uploads\/2022\/02\/OM-en-sac-719x1024.jpg 719w, https:\/\/www.haut-vallespir.fr\/wp-content\/uploads\/2022\/02\/OM-en-sac-768x1094.jpg 768w, https:\/\/www.haut-vallespir.fr\/wp-content\/uploads\/2022\/02\/OM-en-sac-1078x1536.jpg 1078w, https:\/\/www.haut-vallespir.fr\/wp-content\/uploads\/2022\/02\/OM-en-sac-1437x2048.jpg 1437w\" sizes=\"(max-width: 445px) 100vw, 445px\" \/><\/h2>\n<h1 style=\"text-align: center;\"><strong><img loading=\"lazy\" decoding=\"async\" class=\"alignright wp-image-3205\" src=\"https:\/\/www.haut-vallespir.fr\/wp-content\/uploads\/2022\/02\/Nouveau_stickerA4_EMR_HAUT_VALLESPIR_page-0001.jpg\" alt=\"\" width=\"441\" height=\"624\" srcset=\"https:\/\/www.haut-vallespir.fr\/wp-content\/uploads\/2022\/02\/Nouveau_stickerA4_EMR_HAUT_VALLESPIR_page-0001.jpg 1241w, https:\/\/www.haut-vallespir.fr\/wp-content\/uploads\/2022\/02\/Nouveau_stickerA4_EMR_HAUT_VALLESPIR_page-0001-212x300.jpg 212w, https:\/\/www.haut-vallespir.fr\/wp-content\/uploads\/2022\/02\/Nouveau_stickerA4_EMR_HAUT_VALLESPIR_page-0001-725x1024.jpg 725w, https:\/\/www.haut-vallespir.fr\/wp-content\/uploads\/2022\/02\/Nouveau_stickerA4_EMR_HAUT_VALLESPIR_page-0001-768x1085.jpg 768w, https:\/\/www.haut-vallespir.fr\/wp-content\/uploads\/2022\/02\/Nouveau_stickerA4_EMR_HAUT_VALLESPIR_page-0001-1087x1536.jpg 1087w\" sizes=\"(max-width: 441px) 100vw, 441px\" \/><\/strong><\/h1>\n<h1 style=\"text-align: center;\"><strong><span style=\"color: #ff6600;\">Stop aux erreurs de tri !<\/span><\/strong><\/h1>\n<h5><\/h5>\n<h5><span style=\"color: #333333;\">Dans les Pyr\u00e9n\u00e9es Orientales, <strong>30% de la poubelle jaune sont compos\u00e9s d\u2019erreurs de tri<\/strong> et entraine des surco\u00fbts de traitement de plus de 600\u00a0000 \u20ac\/an !<\/span><\/h5>\n<h5><\/h5>\n<p>&nbsp;<\/p>\n<h5><span style=\"color: #333333;\">Les bacs jaunes sont tr\u00e8s souvent souill\u00e9s par des objets, des encombrants et des sacs d\u2019ordures m\u00e9nag\u00e8res. Nous constatons aussi que beaucoup d\u2019emballages sont jet\u00e9s embo\u00eet\u00e9s les uns dans les autres ou jet\u00e9s enferm\u00e9s dans des sacs. <\/span><\/h5>\n<h5><span style=\"color: #333333;\">Ces d\u00e9chets ne seront pas recycl\u00e9s mais achemin\u00e9s \u00e0 l\u2019usine d\u2019incin\u00e9ration, c\u2019est le refus de tri\u00a0!<\/span><\/h5>\n<h5><\/h5>\n<p>&nbsp;<\/p>\n<h5><span style=\"color: #333333;\">Sur notre territoire du Haut Vallespir, \u00a0le taux de refus de tri est de 18.25% ce\u00a0 qui repr\u00e9sente\u00a0 5.27 kg par habitant et par an !<\/span><\/h5>\n<h5><\/h5>\n<p>&nbsp;<\/p>\n<h5><span style=\"color: #333333;\">Il est tr\u00e8s\u00a0 important environnementalement et \u00e9conomiquement de r\u00e9duire ce taux de refus en \u00e9vitant les erreurs de tri.<\/span><\/h5>\n<p>&nbsp;<\/p>\n<p><em>G\u00e9olocalisation des colonnes jaunes emballages et papier\u00a0: <\/em><em>\u00a0<\/em><span style=\"color: #33cccc;\"><em><a style=\"color: #33cccc;\" href=\"https:\/\/www.sydetom66.fr\/carte\/\">https:\/\/www.sydetom66.fr\/carte\/<\/a><\/em><\/span><\/p>\n<p>&nbsp;<\/p>\n<p>&nbsp;<\/p>\n<p>&nbsp;<\/p>\n<h3 style=\"text-align: center;\"><span style=\"color: #ff6600;\">\u00a0<\/span><\/h3>\n<p><img loading=\"lazy\" decoding=\"async\" class=\" wp-image-3289 aligncenter\" src=\"https:\/\/www.haut-vallespir.fr\/wp-content\/uploads\/2022\/02\/ARTICLE-DISQUE-DU-TRI-2-724x1024.jpg\" alt=\"\" width=\"817\" height=\"1156\" srcset=\"https:\/\/www.haut-vallespir.fr\/wp-content\/uploads\/2022\/02\/ARTICLE-DISQUE-DU-TRI-2-724x1024.jpg 724w, https:\/\/www.haut-vallespir.fr\/wp-content\/uploads\/2022\/02\/ARTICLE-DISQUE-DU-TRI-2-212x300.jpg 212w, https:\/\/www.haut-vallespir.fr\/wp-content\/uploads\/2022\/02\/ARTICLE-DISQUE-DU-TRI-2-768x1086.jpg 768w, https:\/\/www.haut-vallespir.fr\/wp-content\/uploads\/2022\/02\/ARTICLE-DISQUE-DU-TRI-2-1086x1536.jpg 1086w, https:\/\/www.haut-vallespir.fr\/wp-content\/uploads\/2022\/02\/ARTICLE-DISQUE-DU-TRI-2-1448x2048.jpg 1448w, https:\/\/www.haut-vallespir.fr\/wp-content\/uploads\/2022\/02\/ARTICLE-DISQUE-DU-TRI-2-scaled.jpg 1811w\" sizes=\"(max-width: 817px) 100vw, 817px\" \/><\/p>\n<p>&nbsp;<\/p>\n<p>&nbsp;<\/p>\n<p>&nbsp;<\/p>\n<h3><strong><u><img loading=\"lazy\" decoding=\"async\" class=\" wp-image-2473 alignleft\" src=\"https:\/\/www.haut-vallespir.fr\/wp-content\/uploads\/2021\/02\/1.png\" alt=\"\" width=\"641\" height=\"379\" srcset=\"https:\/\/www.haut-vallespir.fr\/wp-content\/uploads\/2021\/02\/1.png 512w, https:\/\/www.haut-vallespir.fr\/wp-content\/uploads\/2021\/02\/1-300x178.png 300w\" sizes=\"(max-width: 641px) 100vw, 641px\" \/><\/u><\/strong><\/h3>\n<h3><\/h3>\n<h3><span style=\"color: #ff6600;\">Jetez les emballages en verre dans leur conteneur sp\u00e9cifique :<\/span><\/h3>\n<h5><\/h5>\n<p>&nbsp;<\/p>\n<h5><span style=\"color: #333333;\">Parmi les emballages, il en est un qui se recycle \u00e0 100% et \u00e0 l\u2019infini.<\/span><\/h5>\n<h5><span style=\"color: #333333;\"><strong>Le verre\u00a0!<\/strong> C\u2019est un mat\u00e9riau id\u00e9al\u00a0! En jetant les emballages en verre utilis\u00e9s, bouteilles, pots, bocaux, et flacons dans les colonnes \u00e0 verre, nous sommes assur\u00e9s qu\u2019ils seront recycl\u00e9s \u00e0 100 <em>%. <\/em><\/span><\/h5>\n<h5><span style=\"color: #333333;\"><em>Attention : ceux-ci doivent \u00eatre jet\u00e9s uniquement dans les colonnes \u00e0 verre, <\/em><em>sans les bouchons, bien vid\u00e9s et en vrac.<\/em><\/span><\/h5>\n<p>&nbsp;<\/p>\n<p><em>G\u00e9olocalisation des colonnes \u00e0 verre <span style=\"color: #33cccc;\"><a style=\"color: #33cccc;\" href=\"https:\/\/www.sydetom66.fr\/carte\/\">https:\/\/www.sydetom66.fr\/carte\/<\/a><\/span><\/em><\/p>\n<p>&nbsp;<\/p>\n<p>&nbsp;<\/p>\n<p>&nbsp;<\/p>\n<h5><span style=\"color: #333333;\"><strong>Une fois collect\u00e9s, n<\/strong><strong>os bouteilles, pots, bocaux et flacons donneront de nouveaux emballages qui seront \u00e0 leur tour recycl\u00e9s<\/strong>\u2026\u00e0 condition de les jeter \u00e0 nouveau dans les colonnes \u00e0 verre\u00a0!<\/span><\/h5>\n<h5><span style=\"color: #333333;\"><strong><span style=\"color: #333333;\">ATTENTION<\/span> aux faux amis qui ne se recyclent pas et doivent \u00eatre apport\u00e9s en d\u00e9ch\u00e8terie :<\/strong><\/span><\/h5>\n<h5><span style=\"color: #333333;\">\u2013 le verre culinaire (vaisselle et plats transparents), il s\u2019agit de c\u00e9ramique transparente.<\/span><br \/>\n<span style=\"color: #333333;\">\u2013 la porcelaine, fa\u00efence, carrelage, pots de fleurs<\/span><br \/>\n<span style=\"color: #333333;\">\u2013 les verres sp\u00e9ciaux tels que les ampoules, miroirs, pare-brise, etc.<\/span><\/h5>\n<h3><\/h3>\n<p>&nbsp;<\/p>\n<p>&nbsp;<\/p>\n<p>&nbsp;<\/p>\n<h3><span style=\"color: #333333;\"><span style=\"color: #ff6600;\">Apportez en d\u00e9ch\u00e8terie : <\/span><img loading=\"lazy\" decoding=\"async\" class=\"alignright wp-image-3207\" src=\"https:\/\/www.haut-vallespir.fr\/wp-content\/uploads\/2022\/02\/DASRI-1-copie-scaled.jpg\" alt=\"\" width=\"441\" height=\"628\" srcset=\"https:\/\/www.haut-vallespir.fr\/wp-content\/uploads\/2022\/02\/DASRI-1-copie-scaled.jpg 1797w, https:\/\/www.haut-vallespir.fr\/wp-content\/uploads\/2022\/02\/DASRI-1-copie-211x300.jpg 211w, https:\/\/www.haut-vallespir.fr\/wp-content\/uploads\/2022\/02\/DASRI-1-copie-719x1024.jpg 719w, https:\/\/www.haut-vallespir.fr\/wp-content\/uploads\/2022\/02\/DASRI-1-copie-768x1094.jpg 768w, https:\/\/www.haut-vallespir.fr\/wp-content\/uploads\/2022\/02\/DASRI-1-copie-1078x1536.jpg 1078w, https:\/\/www.haut-vallespir.fr\/wp-content\/uploads\/2022\/02\/DASRI-1-copie-1437x2048.jpg 1437w\" sizes=\"(max-width: 441px) 100vw, 441px\" \/><\/span><\/h3>\n<ul>\n<li>\n<h5><span style=\"color: #333333;\">Les objets et les jouets<\/span><\/h5>\n<\/li>\n<li>\n<h5><span style=\"color: #333333;\">Les d\u00e9chets verts<\/span><\/h5>\n<\/li>\n<li>\n<h5><span style=\"color: #333333;\">Les meubles<\/span><\/h5>\n<\/li>\n<li>\n<h5><span style=\"color: #333333;\">Les D\u00e9chets d\u2019\u00c9quipements \u00c9lectriques et \u00c9lectroniques (DEEE)<\/span><\/h5>\n<\/li>\n<\/ul>\n<p>&nbsp;<\/p>\n<h3><span style=\"color: #ff6600;\">Amenez en pharmacie :<\/span><\/h3>\n<ul>\n<li>\n<h5><span style=\"color: #333333;\">Les D\u00e9chets d&rsquo;Activit\u00e9s de Soins \u00e0 Risques Infectieux (DASRI)<\/span><\/h5>\n<\/li>\n<\/ul>\n<p><span style=\"color: #333333;\"><em>Demandez une boite gratuite d\u00e9di\u00e9e \u00e0 ces d\u00e9chets \u00e0 votre pharmacien!<\/em><\/span><\/p>\n<h3><\/h3>\n<p>&nbsp;<\/p>\n<h3><span style=\"color: #ff6600;\">Jetez dans les colonnes \u00e0 textile ou donnez \u00e0 des associations :<\/span><\/h3>\n<ul>\n<li>\n<h5><span style=\"color: #333333;\">Le textile, linge de maison, peluches, chaussures et petite maroquinerie.<\/span><\/h5>\n<\/li>\n<\/ul>\n<p>&nbsp;<\/p>\n<p>&nbsp;<\/p>\n<p>&nbsp;<\/p>\n<p>&nbsp;<\/p>\n<h3><\/h3>\n<p><img loading=\"lazy\" decoding=\"async\" class=\"wp-image-3208 alignleft\" src=\"https:\/\/www.haut-vallespir.fr\/wp-content\/uploads\/2022\/02\/Depot-au-sol-scaled.jpg\" alt=\"\" width=\"592\" height=\"844\" srcset=\"https:\/\/www.haut-vallespir.fr\/wp-content\/uploads\/2022\/02\/Depot-au-sol-scaled.jpg 1797w, https:\/\/www.haut-vallespir.fr\/wp-content\/uploads\/2022\/02\/Depot-au-sol-211x300.jpg 211w, https:\/\/www.haut-vallespir.fr\/wp-content\/uploads\/2022\/02\/Depot-au-sol-719x1024.jpg 719w, https:\/\/www.haut-vallespir.fr\/wp-content\/uploads\/2022\/02\/Depot-au-sol-768x1094.jpg 768w, https:\/\/www.haut-vallespir.fr\/wp-content\/uploads\/2022\/02\/Depot-au-sol-1078x1536.jpg 1078w, https:\/\/www.haut-vallespir.fr\/wp-content\/uploads\/2022\/02\/Depot-au-sol-1437x2048.jpg 1437w\" sizes=\"(max-width: 592px) 100vw, 592px\" \/><\/p>\n<h3><span style=\"color: #ff6600;\">Les d\u00e9p\u00f4ts au sol, n&rsquo;en jetez plus !<\/span><\/h3>\n<p>&nbsp;<\/p>\n<h3><span style=\"color: #333333;\"><strong>Les d\u00e9p\u00f4ts au sol dits \u00ab\u00a0sauvages\u00a0\u00bb sont malheureusement encore trop fr\u00e9quents.\u00a0Le probl\u00e8me est r\u00e9current au pied des colonnes \u00e0 verre tout comme au pied des colonnes jaunes et des bacs de regroupement d\u00e9di\u00e9s exclusivement aux Emballages M\u00e9nagers Recyclables. <\/strong><\/span><\/h3>\n<p>&nbsp;<\/p>\n<h5><span style=\"color: #333333;\">Il s\u2019agit majoritairement de sacs d\u2019ordures m\u00e9nag\u00e8res, de grands cartons, d\u2019objets, de gravats, de divers encombrants et de DEEE (<em>D\u00e9chets d\u2019\u00c9quipements \u00c9lectriques et \u00c9lectroniques<\/em>).<\/span><\/h5>\n<p>&nbsp;<\/p>\n<h5><span style=\"color: #333333;\">Chacun de ces d\u00e9chets a sa propre fili\u00e8re d\u2019\u00e9vacuation\u00a0: la poubelle normale pour les sacs d\u2019ordures m\u00e9nag\u00e8res. La d\u00e9ch\u00e8terie pour les objets, les encombrants, les grands cartons et les DEEE.<\/span><\/h5>\n<h5><\/h5>\n<p>&nbsp;<\/p>\n<h5><span style=\"color: #333333;\">Laisser des d\u00e9chets au pied des bacs et colonnes compromet la propret\u00e9 et la salubrit\u00e9 des lieux ( pollution des sols, des eaux, de l\u2019air), d\u00e9grade la qualit\u00e9 de vie et engendre des co\u00fbts de gestion suppl\u00e9mentaires importants \u00e0 la collectivit\u00e9. Cela constitue un d\u00e9p\u00f4t sauvage qui est un acte verbalisable.<\/span><\/h5>\n<h5><\/h5>\n<p>&nbsp;<\/p>\n<h5><span style=\"color: #333333;\">Pour rappel, d\u00e9poser, abandonner, jeter ou d\u00e9verser tout type de d\u00e9chets sur la voie publique est puni d&rsquo;une\u00a0<span style=\"color: #33cccc;\"><em><u><a style=\"color: #33cccc;\" href=\"https:\/\/www.service-public.fr\/particuliers\/glossaire\/R18531\">amende forfaitaire<\/a><\/u><\/em>.<\/span><\/span><\/h5>\n<h5><span style=\"color: #333333;\">Si vous payez imm\u00e9diatement ou dans les 45 jours suivant le constat d&rsquo;infraction (ou l&rsquo;envoi de l&rsquo;avis d&rsquo;infraction), l&rsquo;amende est de\u00a0135\u00a0\u20ac.<\/span><\/h5>\n<h5><span style=\"color: #333333;\">Si vous payez apr\u00e8s ce d\u00e9lai de 45 jours, l&rsquo;amende est de\u00a0375\u00a0\u20ac.<\/span><\/h5>\n<h5><span style=\"color: #333333;\">Si vous ne payez pas l&rsquo;amende forfaitaire ou si vous la contestez, le juge du\u00a0<a style=\"color: #333333;\" href=\"https:\/\/www.service-public.fr\/particuliers\/vosdroits\/F1457\">tribunal de police<\/a>\u00a0est saisi. Le juge pourra d\u00e9cider d&rsquo;une amende de\u00a0750\u00a0\u20ac\u00a0maximum (ou jusqu&rsquo;\u00e0\u00a01\u00a0500\u00a0\u20ac, avec\u00a0<a style=\"color: #333333;\" href=\"https:\/\/www.service-public.fr\/particuliers\/vosdroits\/F21887\">confiscation du v\u00e9hicule<\/a>, si vous l&rsquo;avez utilis\u00e9 pour transporter les d\u00e9chets).<\/span><\/h5>\n<p>&nbsp;<\/p>\n<p><em><u><a href=\"https:\/\/www.legifrance.gouv.fr\/codes\/article_lc\/LEGIARTI000042662252\"><span style=\"color: #33cccc;\">Code p\u00e9nal\u00a0: article R634-2<\/span>\u00a0<\/a><\/u><\/em><em>Abandon et d\u00e9p\u00f4t d&rsquo;ordures\u00a0; <\/em><em><u><a href=\"http:\/\/www.legifrance.gouv.fr\/affichCode.do?idSectionTA=LEGISCTA000006165428&cidTexte=LEGITEXT000006070719\"><span style=\"color: #33cccc;\">Code p\u00e9nal\u00a0: article R632-1<\/span>\u00a0<\/a><\/u><\/em><em>Non-respect des r\u00e8gles de collecte\u00a0;<\/em><\/p>\n<p><em><u><a href=\"https:\/\/www.legifrance.gouv.fr\/codes\/id\/LEGISCTA000006165436\"><span style=\"color: #33cccc;\">Code p\u00e9nal\u00a0: article R635-8\u00a0<\/span><\/a><\/u><\/em><em>Abandon d&rsquo;ordures transport\u00e9es dans un v\u00e9hicule\u00a0;<\/em><span style=\"color: #33cccc;\"><em><u><a style=\"color: #33cccc;\" href=\"http:\/\/www.legifrance.gouv.fr\/affichCodeArticle.do?idArticle=LEGIARTI000006419558&cidTexte=LEGITEXT000006070719\">Code p\u00e9nal\u00a0: article R644-2\u00a0<\/a><\/u><\/em><\/span><em>Encombrement permanent sur la voie publique<\/em><\/p>\n<p>&nbsp;<\/p>\n<h3><\/h3>\n<h3><\/h3>\n<p>&nbsp;<\/p>\n<p>&nbsp;<\/p>\n<h3><span style=\"color: #ff6600;\">L&rsquo;amiante: un mat\u00e9riau dangereux et un d\u00e9chet r\u00e9glement\u00e9 !<\/span><\/h3>\n<p>&nbsp;<\/p>\n<h3><span style=\"color: #ff6600;\">\u00a0<a href=\"https:\/\/www.haut-vallespir.fr\/?p=3195\">Cliquez ici pour plus d&rsquo;informations<\/a><\/span><\/h3>\n<p>&nbsp;<\/p>\n<h5><span style=\"color: #333333;\"><em>Retrouvez toutes les informations sur\u00a0: <span style=\"color: #33cccc;\"><u><a style=\"color: #33cccc;\" href=\"http:\/\/www.touslesemballagessetrient.fr\" target=\"_blank\" rel=\"noopener\">www.touslesemballagessetrient.fr<\/a><\/u><\/span><\/em>\u00a0<em>et <span style=\"color: #33cccc;\"><u><a style=\"color: #33cccc;\" href=\"http:\/\/www.sydetom66.fr\" target=\"_blank\" rel=\"noopener\">www.sydetom66.fr<\/a><\/u><\/span><\/em><\/span><\/h5>\n<p><a href=\"https:\/\/www.sydetom66.fr\/\" target=\"_blank\" rel=\"noopener\"><img loading=\"lazy\" decoding=\"async\" class=\"alignleft wp-image-3244 size-medium\" src=\"https:\/\/www.haut-vallespir.fr\/wp-content\/uploads\/2022\/02\/LOGO-Sydetom66-hd_page-0001-300x152.jpg\" alt=\"\" width=\"300\" height=\"152\" srcset=\"https:\/\/www.haut-vallespir.fr\/wp-content\/uploads\/2022\/02\/LOGO-Sydetom66-hd_page-0001-300x152.jpg 300w, https:\/\/www.haut-vallespir.fr\/wp-content\/uploads\/2022\/02\/LOGO-Sydetom66-hd_page-0001-1024x520.jpg 1024w, https:\/\/www.haut-vallespir.fr\/wp-content\/uploads\/2022\/02\/LOGO-Sydetom66-hd_page-0001-768x390.jpg 768w, https:\/\/www.haut-vallespir.fr\/wp-content\/uploads\/2022\/02\/LOGO-Sydetom66-hd_page-0001-1536x781.jpg 1536w, https:\/\/www.haut-vallespir.fr\/wp-content\/uploads\/2022\/02\/LOGO-Sydetom66-hd_page-0001-2048x1041.jpg 2048w\" sizes=\"(max-width: 300px) 100vw, 300px\" \/><\/a><\/p>\n<p>&nbsp;<\/p>\n","protected":false},"excerpt":{"rendered":"<p>Stop aux erreurs de tri ! Dans les Pyr\u00e9n\u00e9es Orientales, 30% de la poubelle jaune sont compos\u00e9s d\u2019erreurs de tri et entraine des surco\u00fbts de traitement de plus de 600\u00a0000 \u20ac\/an ! &nbsp; Les bacs jaunes sont tr\u00e8s souvent souill\u00e9s par des objets, des encombrants et des sacs d\u2019ordures m\u00e9nag\u00e8res. Nous constatons aussi que beaucoup [&hellip;]<\/p>\n","protected":false},"author":2,"featured_media":0,"parent":61,"menu_order":33,"comment_status":"closed","ping_status":"closed","template":"","meta":{"footnotes":""},"_links":{"self":[{"href":"https:\/\/www.haut-vallespir.fr\/index.php?rest_route=\/wp\/v2\/pages\/2426"}],"collection":[{"href":"https:\/\/www.haut-vallespir.fr\/index.php?rest_route=\/wp\/v2\/pages"}],"about":[{"href":"https:\/\/www.haut-vallespir.fr\/index.php?rest_route=\/wp\/v2\/types\/page"}],"author":[{"embeddable":true,"href":"https:\/\/www.haut-vallespir.fr\/index.php?rest_route=\/wp\/v2\/users\/2"}],"replies":[{"embeddable":true,"href":"https:\/\/www.haut-vallespir.fr\/index.php?rest_route=%2Fwp%2Fv2%2Fcomments&post=2426"}],"version-history":[{"count":16,"href":"https:\/\/www.haut-vallespir.fr\/index.php?rest_route=\/wp\/v2\/pages\/2426\/revisions"}],"predecessor-version":[{"id":7803,"href":"https:\/\/www.haut-vallespir.fr\/index.php?rest_route=\/wp\/v2\/pages\/2426\/revisions\/7803"}],"up":[{"embeddable":true,"href":"https:\/\/www.haut-vallespir.fr\/index.php?rest_route=\/wp\/v2\/pages\/61"}],"wp:attachment":[{"href":"https:\/\/www.haut-vallespir.fr\/index.php?rest_route=%2Fwp%2Fv2%2Fmedia&parent=2426"}],"curies":[{"name":"wp","href":"https:\/\/api.w.org\/{rel}","templated":true}]}}